7
List the prime factors of 1667.
1667
What are the prime factors of 1298?
2, 11, 59
List the prime factors of 2012.
2, 503
List the prime factors of 303.
3, 101
What are the prime factors of 1566?
2, 3, 29
What are the prime factors of 98210?
2, 5, 7, 23, 61
What are the prime factors of 16756?
2, 59, 71
What are the prime factors of 16666?
2, 13, 641
List the prime factors of 410.
2, 5, 41
List the prime factors of 163424.
2, 5107
List the prime factors of 120050.
2, 5, 7
What are the prime factors of 3230?
2, 5, 17, 19
List the prime factors of 9482.
2, 11, 431
What are the prime factors of 525?
3, 5, 7
List the prime factors of 4602.
2, 3, 13, 59
List the prime factors of 11995.
5, 2399
What are the prime factors of 58994?
2, 13, 2269
List the prime factors of 4532.
2, 11, 103
What are the prime factors of 4606?
2, 7, 47
What are the prime factors of 74300?
2, 5, 743
List the prime factors of 37742.
2, 113, 167
List the prime factors of 33587.
33587
List the prime factors of 12063.
3, 4021
List the prime factors of 39362.
2, 19681
List the prime factors of 4728.
2, 3, 197
List the prime factors of 1049.
1049
List the prime factors of 39124.
2, 9781
What are the prime factors of 381?
3, 127
What are the prime factors of 78423?
3, 26141
What are the prime factors of 25778?
2, 12889
List the prime factors of 91860.
2, 3, 5, 1531
List the prime factors of 215.
5, 43
What are the prime factors of 1074?
2, 3, 179
List the prime factors of 3506.
2, 1753
List the prime factors of 633.
3, 211
What are the prime factors of 1108?
2, 277
List the prime factors of 338.
2, 13
What are the prime factors of 8124?
2, 3, 677
What are the prime factors of 2115?
3, 5, 47
What are the prime factors of 337?
337
List the prime factors of 40106.
2, 11, 1823
What are the prime factors of 3039?
3, 1013
List the prime factors of 331.
331
What are the prime factors of 12697?
12697
List the prime factors of 1062.
2, 3, 59
List the prime factors of 28914.
2, 3, 61, 79
What are the prime factors of 12371?
89, 139
List the prime factors of 16970.
2, 5, 1697
List the prime factors of 26443.
31, 853
What are the prime factors of 3383?
17, 199
List the prime factors of 1641.
3, 547
List the prime factors of 127.
127
What are the prime factors of 867?
3, 17
What are the prime factors of 1454?
2, 727
List the prime factors of 1001.
7, 11, 13
What are the prime factors of 633?
3, 211
List the prime factors of 30427.
30427
List the prime factors of 1999.
1999
List the prime factors of 22560.
2, 3, 5, 47
List the prime factors of 6418.
2, 3209
List the prime factors of 39650.
2, 5, 13, 61
List the prime factors of 15941.
19, 839
List the prime factors of 3215.
5, 643
What are the prime factors of 373?
373
What are the prime factors of 83304?
2, 3, 13, 89
List the prime factors of 7419.
3, 2473
List the prime factors of 37537.
37537
List the prime factors of 109578.
2, 3, 7, 2609
What are the prime factors of 58466?
2, 23, 31, 41
List the prime factors of 734.
2, 367
List the prime factors of 7247.
7247
What are the prime factors of 600?
2, 3, 5
What are the prime factors of 7027?
7027
What are the prime factors of 1934?
2, 967
What are the prime factors of 392?
2, 7
What are the prime factors of 25638?
2, 3, 4273
What are the prime factors of 1538?
2, 769
List the prime factors of 4056.
2, 3, 13
List the prime factors of 4805.
5, 31
List the prime factors of 1092.
2, 3, 7, 13
What are the prime factors of 382?
2, 191
What are the prime factors of 4038?
2, 3, 673
What are the prime factors of 4924?
2, 1231
What are the prime factors of 32428?
2, 11, 67
List the prime factors of 29727.
3, 367
List the prime factors of 1841.
7, 263
List the prime factors of 1752.
2, 3, 73
List the prime factors of 6162.
2, 3, 13, 79
What are the prime factors of 2453?
11, 223
List the prime factors of 61527.
3, 20509
What are the prime factors of 4213?
11, 383
List the prime factors of 7652.
2, 1913
What are the prime factors of 1170?
2, 3, 5, 13
List the prime factors of 10628.
2, 2657
What are the prime factors of 16?
2
What are the prime factors of 103423?
103423
What are the prime factors of 4676?
2, 7, 167
What are the prime factors of 903?
3, 7, 43
List the prime factors of 19367.
107, 181
List the prime factors of 65473.
233, 281
What are the prime factors of 5575?
5, 223
What are the prime factors of 3768?
2, 3, 157
List the prime factors of 35951.
35951
List the prime factors of 416.
2, 13
What are the prime factors of 36?
2, 3
List the prime factors of 399.
3, 7, 19
What are the prime factors of 9426?
2, 3, 1571
List the prime factors of 26248.
2, 17, 193
What are the prime factors of 1970?
2, 5, 197
List the prime factors of 3906.
2, 3, 7, 31
List the prime factors of 21379.
21379
List the prime factors of 21857.
11, 1987
What are the prime factors of 402?
2, 3, 67
List the prime factors of 10486.
2, 7, 107
What are the prime factors of 1516?
2, 379
What are the prime factors of 2684?
2, 11, 61
List the prime factors of 2436.
2, 3, 7, 29
What are the prime factors of 5616?
2, 3, 13
What are the prime factors of 5187?
3, 7, 13, 19
List the prime factors of 3914.
2, 19, 103
List the prime factors of 698.
2, 349
List the prime factors of 3856.
2, 241
List the prime factors of 45.
3, 5
List the prime factors of 5905.
5, 1181
List the prime factors of 83874.
2, 3, 7, 1997
What are the prime factors of 3218?
2, 1609
List the prime factors of 594.
2, 3, 11
What are the prime factors of 4442?
2, 2221
What are the prime factors of 874?
2, 19, 23
What are the prime factors of 1395?
3, 5, 31
What are the prime factors of 2828?
2, 7, 101
List the prime factors of 887.
887
List the prime factors of 6350.
2, 5, 127
List the prime factors of 4318.
2, 17, 127
What are the prime factors of 795?
3, 5, 53
What are the prime factors of 3350?
2, 5, 67
List the prime factors of 811.
811
List the prime factors of 100124.
2, 25031
What are the prime factors of 112023?
3, 461
What are the prime factors of 810?
2, 3, 5
What are the prime factors of 2150?
2, 5, 43
What are the prime factors of 6554?
2, 29, 113
List the prime factors of 4671.
3, 173
List the prime factors of 2208.
2, 3, 23
What are the prime factors of 3547?
3547
What are the prime factors of 7029?
3, 11, 71
List the prime factors of 506.
2, 11, 23
List the prime factors of 263.
263
What are the prime factors of 11615?
5, 23, 101
What are the prime factors of 587?
587
What are the prime factors of 4053?
3, 7, 193
List the prime factors of 98723.
269, 367
What are the prime factors of 1680?
2, 3, 5, 7
List the prime factors of 2593.
2593
List the prime factors of 466.
2, 233
What are the prime factors of 577?
577
List the prime factors of 1614.
2, 3, 269
List the prime factors of 4538.
2, 2269
What are the prime factors of 6805?
5, 1361
What are the prime factors of 12017?
61, 197
What are the prime factors of 32562?
2, 3, 67
List the prime factors of 50640.
2, 3, 5, 211
List the prime factors of 19220.
2, 5, 31
List the prime factors of 9030.
2, 3, 5, 7, 43
List the prime factors of 1706.
2, 853
List the prime factors of 32745.
3, 5, 37, 59
List the prime factors of 6118.
2, 7, 19, 23
List the prime factors of 1556.
2, 389
What are the prime factors of 6377?
7, 911
List the prime factors of 4411.
11, 401
What are the prime factors of 1998?
2, 3, 37
List the prime factors of 12139.
61, 199
List the prime factors of 5855.
5, 1171
What are the prime factors of 9322?
2, 59, 79
What are the prime factors of 1833?
3, 13, 47
What are the prime factors of 392?
2, 7
List the prime factors of 100.
2, 5
What are the prime factors of 23075?
5, 13, 71
What are the prime factors of 23926?
2, 7, 1709
What are the prime factors of 3345?
3, 5, 223
What are the prime factors of 614?
2, 307
What are the prime factors of 5972?
2, 1493
What are the prime factors of 1635?
3, 5, 109
What are the prime factors of 11416?
2, 1427
What are the prime factors of 3221?
3221
List the prime factors of 2136.
2, 3, 89
List the prime factors of 22963.
22963
What are the prime factors of 6146?
2, 7, 439
List the prime factors of 455.
5, 7, 13
What are the prime factors of 18127?
18127
What are the prime factors of 1320?
2, 3, 5, 11
List the prime factors of 5078.
2, 2539
What ar